eatest common factor of 14 and p?
7
Let n = -7034 + 10513. Calculate the highest common factor of 284 and n.
71
Let h = 497 + -751. Let x = h + 541. What is the greatest common divisor of x and 41?
41
Let i(m) = -m**2 + 360. Let k be i(0). What is the greatest common divisor of 936 and k?
72
Suppose 2*w + 0*w = 78. Suppose 8*k + 4*d = 4*k + 124, k = -5*d + 51. Suppose -c = c - k. Calculate the highest common divisor of w and c.
13
Let q be (35/10)/((-1)/(-2))*-14. Let v = q + 98. Suppose 5*x - g - 260 = 0, 5*x - 4*g - 260 = -v*x. Calculate the highest common divisor of 13 and x.
13
Suppose 0 = 6*i - 7 - 59. Suppose 805 = 4*a + 277. Suppose -i*l + a = l. What is the highest common factor of l and 33?
11
Suppose 2*q - 16*j - 84 = -12*j, 4*q - 4*j = 168. Calculate the highest common divisor of 483 and q.
21
Let u be 68183/7 + ((-4)/140 - 24/60). Calculate the greatest common factor of u and 5.
5
Let s be ((-24)/14)/((-402)/60970). What is the highest common factor of 4 and s?
4
Let r(a) = -a**2 - 35*a + 779. Let p be r(-49). Calculate the highest common factor of p and 25575.
93
Let g be -1 + -2 + 150 + 3. Let i = 4732 + -4632. What is the highest common divisor of g and i?
50
Let z(k) = -17*k + 350. Let b be z(13). What is the greatest common factor of 817 and b?
43
Suppose -4*l - 18 = -6, 5*l - 215 = -5*s. Let z be 2*(s/4 - 3). Suppose 0 = -2*h + 137 - z. Calculate the greatest common factor of h and 15.
15
Suppose 0 = -2*s - 2*d + 6666, 0*s + 3*s - 10002 = -2*d. Calculate the greatest common divisor of 60 and s.
12
Let z be (-45)/(-12)*(-5992)/(-3745). Let f = -2 + 29. Calculate the highest common divisor of z and f.
3
Let m be 8 + (-196)/35 + 3/5. Suppose -2*u + 5 = n, m*n - n = u + 15. Calculate the greatest common divisor of 49 and n.
7
Let p(w) = w**3 + w**2 + 15*w - 7. Let l be p(-4). Let y be (-33)/(4 + l/25). Calculate the greatest common divisor of y and 253.
11
Suppose 2*m + 2*m = 16. Suppose -m*n + 9 + 11 = 0. Let g(j) = -985*j - 7875. Let y be g(-8). Calculate the highest common divisor of n and y.
5
Let c = -504 - -206. Let g = -122 - c. Calculate the highest common divisor of g and 16.
16
Suppose -1391 = -17*y + 3080. Suppose o = -4*j + 535, 3*o - 2*o + y = 2*j. Calculate the greatest common factor of j and 228.
19
Let j(d) = 147*d + 1695. Let c be j(-6). What is the greatest common factor of c and 1355?
271
Suppose 0 = 37*t - 42*t - 3*k + 10830, -4348 = -2*t + 2*k. What is the greatest common divisor of t and 18?
9
Let n(p) = -2*p - 15 - 23*p**2 - 2*p + 22*p**2. Let q be n(0). Let s(k) = -k - 9. Let y be s(q). Calculate the highest common divisor of y and 9.
3
Let x be -12 + 6 + (6 - 2) + 194. Calculate the highest common divisor of x and 3408.
48
Let n = 792 + -493. Let a = -146 + n. What is the greatest common divisor of 27 and a?
9
Let f(n) = -3*n + 23. Suppose -22 = -4*m + 6. Let v be f(m). Let t be (v/5)/((-5)/(-150)) + 0. What is the highest common factor of t and 8?
4
Let c(i) = -6*i + 21*i + 4 + i**2 - 9*i - 14*i. Let n be c(8). Let f be 1 + 69 - 0/n. What is the greatest common factor of 35 and f?
35
Let q(a) = 717*a**3 - 2*a**2 + 2. Let k be q(1). Suppose 4*w + 19 = 15, -5*g - 3*w + k = 0. Calculate the highest common factor of 16 and g.
16
Suppose 0 = -i - v - v + 78, -2*v - 174 = -2*i. What is the highest common divisor of i and 9324?
84
Let q(v) = -4*v + 186. Let z be q(19). Calculate the highest common factor of 680 and z.
10
Suppose 52*v = 11348 + 21724. Calculate the greatest common divisor of 1431 and v.
159
Suppose 483*s = 489*s - 18. Suppose s*l - 4*l = -t - 16, -4*t = -l + 16. Calculate the greatest common factor of l and 400.
16
Let f = 111 + -123. Let g be (28/24)/7 + (-526)/f. Let c = 26 + 84. What is the highest common factor of c and g?
22
Suppose 29*c = 364 + 245. What is the highest common factor of c and 3?
3
Let t(b) = 2*b. Let v be t(-10). Let p(h) = -27*h - 176. Let c be p(-4). Let s = v - c. What is the highest common factor of s and 32?
16
Let q(r) = -14*r - 129. Let z be q(-10). Suppose -y - 2*w + 6 = 0, 3*y - 2*y = -w + 7. Let h be -3*(y/(-6))/4. Calculate the greatest common factor of z and h.
1
Let t(f) = f**3 + 13*f**2 + 8*f - 19. Let h be t(-9). Let l = 263 - h. What is the highest common factor of l and 45?
15
Let s be ((-237 - 0) + -3)*1. Let j be ((-106)/(-159))/((-2)/s). Calculate the greatest common divisor of j and 208.
16
Suppose 0 = 15*h - 10*h + 20. Let u be ((-2)/(-6))/(-1*h/240). Calculate the highest common divisor of u and 860.
20
Suppose -297 - 171 = -26*m. Let s(f) = 3*f**2 - 11*f + 4. Let c be s(12). Let i = -160 + c. What is the highest common factor of i and m?
18
Let s = -10687 - -11039. Let b = 64 + -32. Calculate the highest common factor of s and b.
32
Let m(o) = -25*o**2 - 1055*o - 16. Let u be m(-27). What is the greatest common factor of 26 and u?
26
Let w be (-5)/5 + 91*1. Suppose 3290 = 98*o + 938. What is the highest common factor of w and o?
6
Suppose 0 = 43*j - 39*j - 32. Let q(p) = p**3 - 16*p**2 + 4*p - 63. Let f be q(16). What is the greatest common factor of f and j?
1
Suppose 8*i = -9*i + 952. Let m(k) = -k**2 + 11*k + 7. Let c be m(11). Calculate the highest common divisor of c and i.
7
Let n be 1941*((-40)/12)/(-10). Let a = 1223 - n. What is the highest common factor of a and 64?
64
Suppose -5*s + s + 8 = -3*k, -3*s + 6 = -4*k. Suppose -q + 48 = 5*o + 7, o - 7 = q. Let r = -5 + o. What is the highest common factor of r and s?
1
Suppose 44*f + 45*f + 497 = 90*f. What is the greatest common divisor of f and 49?
7
Suppose -98 - 356 = -18*w + 32. Calculate the highest common factor of w and 40068.
27
Suppose 2*s = 3*s - 33. Let w(j) = -j**3 - 12*j**2 - 22*j - 81. Let y be w(-11). Suppose -y = -r + 15. What is the highest common factor of s and r?
11
Let w = -9494 - -11750. What is the greatest common factor of w and 1410?
282
Let l be (-482)/3 - 1/3. Let j = 1137 + -1127. Let a = j - l. What is the highest common divisor of a and 19?
19
Let g = 50 + -107. Suppose 2*u + 5*r + 19 = 0, -18 = -4*u + 5*r + 19. Let y be 372/21 + g/21 + u. What is the highest common factor of y and 45?
9
Let n(q) = -q**3 - 3*q**2 + q + 1. Let b be n(-7). Let p be ((-6)/10 - (-20)/(-50))*590. Let z = p + 666. What is the greatest common factor of b and z?
38
Let b(i) = -2*i**2 + 163*i - 126. Let f be b(75). What is the highest common factor of 3 and f?
3
Let d = 8749 - 8578. Let j(z) = -z**2 - 9*z - 9. Let o be j(-6). Calculate the greatest common factor of d and o.
9
Suppose 0*a = 4*a - 120. Let f(s) = 27*s**3 + 139*s**2 - 33*s + 20. Let v be f(-5). Calculate the highest common divisor of a and v.
15
Let a = -136 - -163. Let f be ((-3)/(-2))/(0 + a/144). What is the greatest common factor of 112 and f?
8
Let n = -6070 - -7092. What is the greatest common factor of 14 and n?
14
Let m = -2136 - -4347. What is the highest common factor of m and 363?
33
Let p(b) = 4*b**2 + 46*b + 91. Let q be p(-9). Suppose 0 = 5*j - v - 34, -2*v - 21 = -3*j - 2. Calculate the highest common divisor of q and j.
1
Let c = 248 - 159. Suppose 0 = -r + 3*j + 42, -5*j - c = -2*r - 4*j. What is the greatest common divisor of 9 and r?
9
Suppose -5*f = -38 - 37. Suppose 4 = s + 2. Let t be s + (167 - (2 - -2)). What is the greatest common divisor of f and t?
15
Suppose 74*k + 1242 = 97*k. Let q = -22 + 92. Suppose -2 = -4*o + q. What is the greatest common factor of k and o?
18
Let m(q) = -q + 37. Let v be m(-9). Let y = v + 8. What is the highest common factor of y and 189?
27
Let s(n) = 4*n**2 - 729*n + 1637. Let x be s(180). Calculate the highest common factor of 48161 and x.
17
Let q = -30573 - -45152. Calculate the highest common divisor of 478 and q.
239
Let x = -1791 - -6408. What is the highest common divisor of 57 and x?
57
Let x be 6/(-15) - 2211/(-15). Let r(z) = 4*z**2 + 23*z + 22. Let a be r(-5). What is the greatest common factor of a and x?
7
Let z = -13122 + 13152. What is the greatest common divisor of 270 and z?
30
Suppose f = 3 + 12. Let n be (-10)/f + -1 + 20/3. Suppose -n*w + 37 = x, 0 = 2*w - 4 - 2. Calculate the highest common divisor of 198 and x.
22
Suppose -38*g + 15513 = -5235. What is the greatest common factor of 806 and g?
26
Let l be (-3 - -1) + 3 + 36/9. Suppose -4*q - 4 = 